e tens digit of t?
6
Let a = -395 - -735. Let b = -165 + a. Let n = 284 - b. What is the tens digit of n?
0
Let z be 11 + 3 + 2 - -1. Let a(k) be the first derivative of 9*k**2/2 + 5*k + 5. What is the hundreds digit of a(z)?
1
Let b(r) = 907*r - 2528. What is the hundreds digit of b(25)?
1
Suppose 5*q = q. Let y(m) = -m**3 - m + 67. Let t be y(q). Let c = 122 - t. What is the tens digit of c?
5
Let d(q) = -53*q**2 + 3*q + 4. Let b be d(-2). Let x = -100 - b. Suppose -270 - x = -4*o. What is the units digit of o?
6
Let j(i) = i - 27. Let q be j(29). Let o = -2 - -7. Suppose -2 = q*k + 4*d, 5*d + 55 = o*k + 3*d. What is the units digit of k?
9
What is the hundreds digit of ((-21860)/(-36) - -4)*(-63)/(-7)?
5
Suppose -22*r = -103*r + 342387. What is the thousands digit of r?
4
Suppose 66*m - 2327806 = -6*m + m. What is the thousands digit of m?
2
Let p(s) = -s**2 - 14*s + 3. Let k(n) = n**2 + 16*n - 3. Let b(x) = -2*k(x) - 3*p(x). What is the hundreds digit of b(10)?
1
Let g(s) = -2*s + 15 + 5*s + s**3 - 5*s - 3*s**2 + s. Let j be g(-6). Let w = j + 483. What is the units digit of w?
0
Let a be (-1)/2 - 2410/(-4). Suppose -1156 = -a*v + 598*v. What is the hundreds digit of v?
2
Let b(q) = q**3 + 10*q**2 + 13*q - 20. Let i be b(-8). What is the tens digit of 390/i + (-12)/(-24)?
9
Let w be (-20)/6 - 1/(-3) - -11. Let y = w + -13. What is the units digit of (-3)/15 - (-1 + 231/y)?
7
Suppose -106 = 3*d + 146. Let l be (-72)/21*d/8. What is the units digit of 120/(-18)*l/(-10)?
4
Let h(i) = 223*i + 3794. What is the tens digit of h(15)?
3
Suppose -7*a + d = -2*a - 217, -2*a + 82 = -2*d. Let h = -41 + a. What is the tens digit of 94/h - 4/(-6)?
3
Suppose 2*x + 0*x + 3*n - 9 = 0, -x = -5*n + 15. Suppose 3*i - 2*i + 147 = x. Let s = i - -305. What is the units digit of s?
8
Suppose 0 = -10*z + 5*z + 6180. Suppose 112*t = 115*t - z. What is the tens digit of t?
1
Let t(w) = -527*w + 113. Let n(h) = 352*h - 75. Let o(z) = -8*n(z) - 5*t(z). What is the units digit of o(-7)?
2
Let i = -131 - -1207. Suppose 0*u + i = y - 2*u, 0 = 3*y + u - 3256. What is the tens digit of y?
8
Let z(l) = 13*l**2 + 159*l - 1864. What is the tens digit of z(13)?
0
Suppose -5*c + 50395 = 5*q, -48*q - 30247 = -51*q + 2*c. What is the thousands digit of q?
0
Suppose -s - 103 = -5*t, -4*t - 12*s + 9*s + 90 = 0. Let j = 537 - t. What is the hundreds digit of j?
5
Let y be 3 - 0 - 4*(-20)/8. Suppose 3357 = -y*c + 22*c. What is the units digit of c?
3
Suppose 14*m - 38 = 32. Suppose -962 = -m*h + 48. What is the tens digit of h?
0
Let h = -31242 + 52226. What is the units digit of h?
4
Let t(f) = 13*f**2 - 7*f - 22. Let s(l) = -l + 4. Let m(g) = -2*s(g) + t(g). What is the units digit of m(11)?
8
Suppose -4*u = -7 - 1. Let b(r) = 3*r**2 + 96*r + 341. Let l be b(-28). Suppose l*y - u*t = -4*t + 1136, -892 = -4*y + 4*t. What is the units digit of y?
6
Let c = 11641 - 6851. What is the hundreds digit of c?
7
Let f = 87 + -83. What is the units digit of 2/((-8)/(-940)) - f?
1
Suppose -5*m + 15 = 0, -4*m = -4*s - 9*m + 27. Suppose -8*h = -s*h - 2085. What is the tens digit of h?
1
Suppose 0 = -2*z - 8, -60*n + 65*n - 5*z = 75. Let w(h) = h**2 + h - 1 - 5 - 3*h. What is the units digit of w(n)?
3
Let v be (-2158)/(-249)*(12/2)/2. Suppose -28*y = -v*y - 730. What is the units digit of y?
5
Let g = 51 + -49. Let w be ((-40)/(-50))/(g/5). What is the units digit of w + -3 - (2 + -76)?
3
Suppose -2*y + 12867 = 3*p, y - 3413 = 3*p + 2998. What is the units digit of y?
6
Suppose -28140 = -5*a - 3*g + 5*g, -3*a + 2*g + 16888 = 0. What is the tens digit of a?
2
Let i(v) = -3*v**3 + 13*v**2 + 16*v + 17. Let j be i(8). Let o = 953 + j. What is the hundreds digit of o?
3
Suppose -4*q - 2*t = -10, -5*t - 2 = 3*q - 6. Suppose 0 = 3*c - 2*l - 3836, -c - q*l + 1284 = -5*l. What is the thousands digit of c?
1
Suppose 5407 = 2*n - 5*b, 5*b - 6802 + 1405 = -2*n. Let z = n + -1849. What is the hundreds digit of z?
8
Let a = 16881 - -45182. What is the hundreds digit of a?
0
Suppose 3*m - 412 - 311 = 3*w, -249 = w + 3*m. Let q = -365 - w. Let j = q - -186. What is the units digit of j?
4
Let a = -687 + 690. Suppose a*t - 1276 = -s, -49*s + 52*s = 5*t + 3842. What is the hundreds digit of s?
2
Let u be (-57)/(-18) + 4/(-24). Suppose w - 107 = -u*t, w - 2*t + 3*t = 99. What is the tens digit of (w - -8) + (0 - 0) + 1?
0
Let d = -209 - -214. Suppose d*h - 357 = 3043. What is the hundreds digit of h?
6
What is the hundreds digit of 16/(-6)*(-128571)/34?
0
Let k(w) = -3*w - 28. Let s be k(-11). Suppose 552 = -s*m + 1447. What is the units digit of m?
9
Let c(h) = h**2 - 5*h - 5. Let s(k) = k**3 - k**2 + k - 1. Let m(q) = c(q) + s(q). Let f be m(0). What is the hundreds digit of (-1 - 418/f)/((-2)/(-6))?
2
Suppose -1877 = -22*w - 579. Suppose -70*z = -w*z - 9086. What is the hundreds digit of z?
8
Suppose 2*p - 3*p + r = -6380, 4*r = -5*p + 31846. What is the hundreds digit of p?
3
Suppose 139*u - 4*q = 135*u + 51072, 9 = 3*q. What is the hundreds digit of u?
7
Let y = 668 - 674. Let b(h) = 41*h**2 - 25*h - 136. What is the thousands digit of b(y)?
1
Suppose -2*h + 199 = 4*v - 523, -1447 = -4*h - 5*v. Suppose 3 = g, -5*g = -p + h - 71. What is the units digit of p?
7
Let r(s) = 1726*s + 5244. What is the tens digit of r(17)?
8
Let m(h) = 321*h - 2914. What is the thousands digit of m(21)?
3
Let u = 120 + -55. Let b be (31 - 21)*u/2. Let n = b - 181. What is the units digit of n?
4
Let r be (-1402)/(-6) - (-12)/36. Let h be r/14 - 28/(-98). Suppose 21*g = h*g + 84. What is the tens digit of g?
2
Suppose 0 = 2*u - 4*f - 4968 + 1136, u = 4*f + 1918. Let m = u + -1295. What is the tens digit of m?
1
Let a(y) = 733*y + 519. What is the hundreds digit of a(2)?
9
Suppose 0 = -335*t + 332*t - 36. What is the hundreds digit of ((-52)/t)/(-13) - (-3398)/6?
5
Let l = 127 + -134. Let s(o) = 4*o**2 + 15*o + 103. What is the hundreds digit of s(l)?
1
Let s(j) = 360*j**3 + 7*j**2 - 38*j + 18. What is the ten thousands digit of s(5)?
4
Suppose 0*a - a + 299 = 0. Suppose 130*u - 84 = 109*u. Suppose 0 = -3*w + 4*w - 5*s - a, -5*w - u*s + 1553 = 0. What is the units digit of w?
9
What is the ten thousands digit of 7*(14 - (7 - 2880))?
2
Let j(f) = f**3 + 3*f**2 + 6*f + 16. Let r be j(-4). Suppose 5*x - 5*u = -u + 211, -5*x + 212 = -3*u. Let k = x - r. What is the units digit of k?
7
Let y = -61066 + 95954. What is the hundreds digit of y?
8
Let d(i) = -13*i - 133. Let l be d(37). What is the tens digit of (1 + -4)*1 - (l + -5)?
1
Suppose 104 = 4*n - 2*n. Let m = 31 - n. Let t = -9 - m. What is the units digit of t?
2
Suppose -5*x = a - 12958, -35439 + 9516 = -2*a - 3*x. What is the ten thousands digit of a?
1
Let m(u) = -1603*u**2 + 29*u + 26. Let w(i) = -534*i**2 + 10*i + 9. Let c(t) = -3*m(t) + 8*w(t). What is the tens digit of c(-1)?
3
What is the ten thousands digit of ((-10)/(1820/(-286338)))/(1/7)?
1
Suppose 8*g - 7*g = 830. Suppose 5*s = 6285 - g. What is the thousands digit of s?
1
Suppose -210 - 210 = -12*d. Suppose -5*i + y - 10 = -d, -4*y + 20 = 0. Suppose i*v = 4*p + 4*v - 414, -3*v - 315 = -3*p. What is the tens digit of p?
0
Suppose -3*c + 76960 = 37*c. Let i = -930 + c. What is the tens digit of i?
9
Suppose 12*w - 19 - 5 = 0. Suppose -695 = -5*z - 5*b, 2*z + 0*z - 266 = w*b. What is the tens digit of z?
3
Let w(u) = 3*u**3 - 49*u**2 - 27*u + 691. Let v be w(16). Suppose -3*s - s + 684 = 0. Suppose v*t - 936 = -s. What is the units digit of t?
5
Let u(q) = -234*q + 1. Let m be 9/(-12) + 5/(-4). What is the units digit of u(m)?
9
Let a(t) = 3*t**2 - 25*t + 28. Let m be a(7). What is the tens digit of (m - 952/(-24))*3?
1
Let v be (-1 + 0)*(-3)/3 - 5. Let d be (-2 - (-14)/v)*-12 - -2. Suppose -142 = -5*b + d. What is the tens digit of b?
4
Let j(t) = 3147*t**3 + 2*t**2 - 228*t + 457. What is the units digit of j(2)?
5
Let j = -35 + 41. Suppose 15 = j*g - 3. Suppose -4*u + 186 = -f, -u - 2*f - g*f = -36. What is the units digit of u?
6
Suppose -5*k + 3*b + 666 = 194, 2*k - 2*b = 192. Suppose 88*n - 16 = k*n. What is the hundreds digit of n*(3 - 0 - 282/8)?
1
Let m(r) = -2*r**3 - 2*r**2 - 14*r - 31. What is the units digit of m(-14)?
1
Let b = -24 + 29. Suppose -5*m + 264 = -m + 4*h, 326 = b*m + h. Let a = m + 37. Wha